463).
61, 647
Let m be 789/6*2 + (-3 - -1). Let t be m + (1 - 5) + 1*3. Suppose 0 = -y - p + t, 3*p = -0*y - y + 256. List the prime factors of y.
2, 131
Suppose 93*x = 62*x + 1685036. List the prime factors of x.
2, 107, 127
Let o(a) = -40 + 10*a + 40 + a**2. Let d be o(-10). Suppose d = -7*z + 54 + 548. What are the prime factors of z?
2, 43
Suppose -136*b + 1189977 = 101*b. List the prime factors of b.
5021
Let z = 4119 + 12822. What are the prime factors of z?
3, 5647
List the prime factors of (8415/(-6) + 9)*(96/(-9) - -2).
13, 929
Let s be -2 - 77/1 - 93/31. Let n = s + 395. List the prime factors of n.
313
Suppose -7*r + 54867 = -46103 - 59925. List the prime factors of r.
5, 4597
Suppose 3*z - 295 - 334 = -4*i, -3*i + 468 = 3*z. Suppose 4*f + i = 753. What are the prime factors of f?
2, 37
Suppose 0 = 21*z - 72275 - 16994 - 111659. List the prime factors of z.
2, 13, 23
Suppose -2*o = 4*s + 30692 + 45280, -56974 = 3*s - o. List the prime factors of (s/16)/((-2)/2).
1187
Let w be 1/(4/12) + 12 + 0. Let i = -7 - w. What are the prime factors of 8/((i/36)/(-11))?
2, 3
Let g(y) = 6*y**3 + 8*y + 10. Let j(b) = b**3 - b**2 + b. Let l(r) = g(r) - 5*j(r). Let c be l(-5). List the prime factors of 2*38 - (0 + 5/c).
7, 11
Let g(c) = 6*c**2 + 107*c + 295. What are the prime factors of g(-43)?
2, 1697
Suppose -475 = 26*n + 14*n - 2915. Let j = -576 + 896. Suppose n*d - j = 57*d. List the prime factors of d.
2, 5
Let n(a) = 3372*a + 178. What are the prime factors of n(1)?
2, 5, 71
Let c = 52 + -50. Suppose c*v = 222 + 78. Suppose v = -4*k + 6*k. List the prime factors of k.
3, 5
Suppose -6*l - 4590 = -11076. What are the prime factors of l?
23, 47
Let y(z) = -z**3 + 9*z**2 - z - 14. Suppose 4*w + 4 = -4*t, -4*w = t - 6*t + 4. Let x = 7 + w. What are the prime factors of y(x)?
2, 11
Suppose 2*u = -2*t - 2*u + 18, -9 = -2*t + 5*u. Let s(a) = 53*a - 13. Let c be s(t). Suppose 0 = -2*m + 4*m - c. What are the prime factors of m?
179
Suppose -2*o + 2*t = -4209 - 867, -o = 2*t - 2532. List the prime factors of o.
2, 317
Let h be ((-22)/4)/(17/(-34)). Suppose 6*c + h*c - 663 = 0. List the prime factors of c.
3, 13
Suppose -601*u - 3260 = -606*u. Suppose -2*b + 224 = -u. What are the prime factors of b?
2, 3, 73
Let g(f) = -2*f - 161. Let h be g(0). Let p = h + 273. What are the prime factors of p?
2, 7
Suppose -93*c + 92*c = -15. Suppose -c = 22*y - 23*y. Let i(w) = 6*w + 9. What are the prime factors of i(y)?
3, 11
Let t(v) = 1191*v - 3. Let a be t(1). List the prime factors of a - ((-4)/3 + (-88)/(-12)).
2, 3, 197
Let t(h) = -1850*h + 2387. List the prime factors of t(-13).
26437
Let h(v) = -v**3 - 2*v**2 + 8. Let o be h(-5). Suppose 0 = -4*w - 5*p + 326, -o = -w - 2*p - 0*p. What are the prime factors of 3 + w - (-5 - (-1 + -3))?
83
List the prime factors of ((-15)/(-225)*-10)/(2/(-25671)).
43, 199
Suppose 3*c - 871128 = -65*c - 6*c. List the prime factors of c.
2, 3, 109
Suppose 11*c - 160 = 13*c. Let n = c - -135. Let s = n - -40. What are the prime factors of s?
5, 19
List the prime factors of 17209 - ((-6)/5)/(9/(-60)).
103, 167
Let g(y) = -539*y - 20. Let h be g(18). Let n be 9/(-45) - h/10. Suppose 5*p - n = 128. What are the prime factors of p?
2, 5, 11
Let y(x) = -57*x + 2. Let m be (-3)/9*0 + -4. Let k be y(m). Let j = k - 53. What are the prime factors of j?
3, 59
Suppose 1922*o = 1947*o - 249750. List the prime factors of o.
2, 3, 5, 37
Suppose 93 = 4*p - 87. Suppose 3 - p = 2*o. List the prime factors of 958/14 + o/49.
2, 17
Suppose -3*f = 168*h - 170*h - 30013, 5*h - 50005 = -5*f. List the prime factors of f.
7, 1429
Let m(x) = 1021*x**2 - 9*x + 9. List the prime factors of m(-2).
4111
Suppose -4906 - 4214 = -6*w. What are the prime factors of w?
2, 5, 19
Let q be 60*(-1 - -9) + 4/2. Suppose -w + c + 3*c + q = 0, -5*c = 0. What are the prime factors of w?
2, 241
Let d(b) = -4*b**2 - 8*b**2 - 8*b - 14 - 3 + b**3. Let n = 13756 - 13743. What are the prime factors of d(n)?
2, 3
Let u be -1 - 0 - (-2 + 8 - 3). Let y(p) = -31*p - 4. Let h be y(u). Let g = -21 + h. What are the prime factors of g?
3, 11
Let b(n) = -775*n**2 + 16*n + 29. Let d be b(-4). What are the prime factors of (d/(-105))/(1/7)?
829
Suppose -3*z - 13 = -31, 0 = -4*p - 4*z + 127328. List the prime factors of p.
2, 15913
Let r(n) = n**2 - 3*n + 458. Let a be r(0). Let s = a - 275. What are the prime factors of s?
3, 61
Let o(s) = -311*s - 5. Let j be o(-4). Let q = -771 + j. What are the prime factors of q?
2, 3, 13
Let t be 30/(-7)*(-11 - 10). What are the prime factors of (-3)/((t/332)/(-15))?
2, 83
Let d(j) = -116*j - 64. Let r(i) = 116*i + 63. Let o(p) = -4*d(p) - 5*r(p). What are the prime factors of o(-11)?
1217
Let f = 119 + 232. Let d be (10/6 + -2)/((-9)/f). What are the prime factors of 4/10 + (-11)/(-5)*d?
29
Let d(k) = 2*k - 2 - k - 9*k**3 - 3*k. Suppose 0 = -r + 5*r + y + 5, 2 = -r - y. List the prime factors of d(r).
3
Let r = 1145 + -119. Suppose 3*w - 3*c - r = 1131, 2*c = 3*w - 2162. What are the prime factors of w?
2, 181
Let h = -245 + -302. Let l = 549 + h. What are the prime factors of l?
2
Let d = 674 + -721. Let l(p) = 6*p**2 + 4*p - 6. Let b be l(5). Let j = b + d. List the prime factors of j.
3, 13
Let d(j) = j**3 + j + 2. Let f be d(0). Suppose 4*p = q + 10, -3*p = f*q - q - 11. Suppose -2*h - z + 125 = -q*z, -2*h + 100 = 4*z. List the prime factors of h.
2, 3, 5
Let t(s) = 10*s**3 - 8*s**2 - 78*s - 29. What are the prime factors of t(12)?
59, 257
Let o(m) = 86389*m**2 - 2*m - 172751*m**2 + 10 + 86372*m**2. Let x be 5/2*-1*-2. What are the prime factors of o(x)?
2, 5
Suppose -7*x = -4*x - 135. Let d(g) = -x - 14*g + 11 + 4*g - 66. List the prime factors of d(-29).
2, 5, 19
Let l = 185175 + -127023. List the prime factors of l.
2, 3, 2423
Let q(b) = 3*b**2 + 30*b + 38. Let d be q(-11). Suppose -3*a + g + d = 0, 4*a = 2*g - 0*g + 96. List the prime factors of a.
23
Let j = -11765 + 28535. List the prime factors of j.
2, 3, 5, 13, 43
Let p = -482 + 499. List the prime factors of -10*p/((-136)/540).
3, 5
Let x be (3 - 4) + 4/1. Suppose 28 = x*n - 221. Let t = n + -17. What are the prime factors of t?
2, 3, 11
Let o(g) = 24*g**2 - g + 4. Suppose -4*d + 6 = 2*p - d, -2*p + 10 = 4*d. Let x be (1 + (-14)/6)*p/2. What are the prime factors of o(x)?
2, 7
Suppose y + 2*h = -65, 4*y + 3*h = -273 + 23. Let k = y - -70. List the prime factors of k.
3
Let o(k) = k**3 - 3*k**2 - 4*k - 3. Let t be o(5). Suppose -2*l + 61 = -t. Suppose l = 15*m - 106. What are the prime factors of m?
2, 5
Let y(n) = 2*n + 49. Let l be y(-24). What are the prime factors of ((-1156)/12)/((l/(-3))/1)?
17
Suppose -48*w - 48 = -32*w. Let q(b) = 91*b**2 - 9*b - 10. List the prime factors of q(w).
2, 11, 19
Let c = 15 + -216. Let i = 591 + c. Suppose 180 = 5*u - i. List the prime factors of u.
2, 3, 19
List the prime factors of (45 - 25 - -50151) + (0 - 9).
2, 7, 3583
Suppose 3*t = 6, -5*t + 172 = 3*w + 483. Let s be w*(-10)/5 - 4. Let a = 344 - s. List the prime factors of a.
2, 67
Let m be (2 + 1)/(2/2). Suppose -290 = m*v - 8*v. Let q = 105 - v. What are the prime factors of q?
47
Suppose -40*u + 827980 - 905727 = -1603067. What are the prime factors of u?
3, 19, 223
Suppose 114604 = -6*f + 34*f. Let k = f - 2790. List the prime factors of k.
1303
Let z(l) = 5*l**2 - l - 28. Let r(t) = 6*t**2 - 29. Let h(b) = -4*r(b) + 5*z(b). Let m be h(8). What are the prime factors of (m + 3)*(-3 - 26/(-6))?
2
Let v be (6/(-9))/((-8)/(-288)). List the prime factors of (-6)/v - (313830/(-24))/11.
29, 41
Suppose -2*z - 156 = -3*w, -6*z - 2*w - 280 = -2*z. Let d = 83 + z. What are the prime factors of -4*((-4653)/6)/d?
2, 3, 47
Suppose -69440 = -64*i - 48*i. Suppose 183 = 3*p - 990. Let z = i - p. List the prime factors of z.
229
Let n = 50 + -36. Let z(t) = t**2 - 19*t - 2*t**2 + 3*t**2 + 18 + 0*t**2. What are the prime factors of z(n)?
2, 3
Let z = 136 - -4168. What are the prime factors of z?
2, 269
Let w be 2 + 10 + -7 + 0. List the prime factors of (w/3)/(-4*1/(-1236)).
5, 103
Let w(m) = 20*m**2 - 7*m + 10. Let b be w(2). Let v be b/(-19)*7/2. What are the prime factors of v/63 + 2956/18?
2, 41
List the prime factors of ((-20)/110 + 71727/(-22))*-2.
6521
Let w = -37 - -19. Let y be (w/(-24))/(2/